 factor of 1 and a?
1
Let m(s) = 0*s - 4*s**2 - 3 + 2*s - 6*s**3 + 5*s**3. Let z be m(-4). Let y be 0 + 0 - 2 - z. Calculate the greatest common factor of 3 and y.
3
Let b(f) = 17*f**3 + 2*f**2 - f. Let v be b(1). Let z(u) = 239*u**2 - 1. Let j be z(1). Let w = j + -94. Calculate the greatest common divisor of v and w.
18
Suppose 3*t = 8*t - 20. Let z be 2/t*6 - 0. Suppose 0 = -2*c - 2*o + o + 5, z*c + 2*o = 8. What is the highest common divisor of c and 1?
1
Suppose -119 + 47 = -9*y. Calculate the greatest common factor of 256 and y.
8
Let m = -61 + 93. Let g = 1 + m. Suppose -4 = -t - 1. What is the greatest common divisor of g and t?
3
Let s = 16 + -6. Calculate the greatest common factor of 110 and s.
10
Let b(z) = z**2 - 17*z - 30. Let r be b(20). Calculate the highest common factor of 75 and r.
15
Suppose 18*v = -8*v + 390. Suppose -5*f = 5*a - 55, -3*f - a = -6 - 17. Calculate the highest common divisor of v and f.
3
Let u(p) = p**3 + 9*p**2 + 5*p. Let m be u(-7). Calculate the greatest common divisor of m and 9.
9
Let v be (-240)/(-72)*(-18)/(-10). Calculate the highest common divisor of 27 and v.
3
Let d be (-1 + -9)*5/(-2). Suppose -5*w - d = 0, 0 = 2*s + 2*s + 3*w + 3. Calculate the greatest common factor of 6 and s.
3
Suppose 0 = f + 5*m + 6, 3*m = -4*f - m - 40. Let z = -4 - f. What is the highest common factor of 14 and z?
7
Let h = -21 + 18. Let z(g) = -31*g - 2. Let c be z(h). Let m = -28 - -41. What is the greatest common factor of c and m?
13
Let g(n) = -n**3 - n**2 + n + 64. Let h be g(0). Calculate the greatest common divisor of h and 160.
32
Suppose -16 = 5*d + 14. Let u = 6 + d. Suppose u = 4*w + 4*c - 20, w + 5*c = 6*w + 15. Calculate the greatest common factor of w and 7.
1
Let i = -2 - -7. Suppose t = 2*s + 8, 2*s - 17 = -4*t + i*s. Calculate the greatest common divisor of 5 and t.
1
Let d be (-2)/(-6) - (-2893)/33. Calculate the greatest common divisor of d and 8.
8
Suppose n = 5*q + 21, -63 + 13 = -2*n + 2*q. Suppose 3*y = 2*r + 2*y, 5*r = 4*y. Suppose r = 2*g - 5*g + 195. What is the highest common divisor of n and g?
13
Let m = -2 - -7. Let b(k) = k**3 - 5*k**2 + 5*k. Let o be b(m). Let s = o + -14. What is the greatest common factor of 99 and s?
11
Let y be 3 + -5 + 6 - 3. Let g = y + 6. Let w = 116 - 46. What is the greatest common factor of g and w?
7
Let t(d) = 2*d + 27. Let r be t(-13). Calculate the greatest common divisor of r and 1.
1
Let f(g) = g + 1. Let z be f(5). Suppose -3*i + 72 = i. Suppose -3*w = -0*w - i. Calculate the highest common divisor of z and w.
6
Suppose 0 = -2*s - s + 1056. Suppose -l - l + s = 0. Calculate the greatest common divisor of l and 16.
16
Let v = -385 + 577. Suppose -3*o + v = 3*r, -3*r - 123 = -o - o. Let p = 9 + -2. What is the greatest common divisor of o and p?
7
Suppose -6 - 10 = -4*d. Let n be (d/1)/((-1)/(-3)). Calculate the highest common divisor of 36 and n.
12
Let h be 0 + 0 - (-12 - -2). Let z = 5 + -8. Let k(c) = -3*c + 1. Let j be k(z). What is the highest common factor of h and j?
10
Let b be 306/8 - 3/(-4). Calculate the greatest common factor of 117 and b.
39
Suppose -58*q = -59*q + 63. What is the highest common divisor of q and 9?
9
Suppose 4*a - 2*a - 164 = -5*i, -5*a = 4*i - 376. Let d(k) = k**2 + 11*k - 18. Let b be d(-13). Calculate the highest common divisor of a and b.
8
Let r be ((-30)/8)/(9/(-24)). Let t(h) = 2*h**2 - 1 + 0*h**2 - h**2 + 6 - h. Let u be t(5). What is the greatest common divisor of u and r?
5
Let r = 61 - 41. Calculate the highest common divisor of r and 10.
10
Let k = 9 + -2. What is the highest common divisor of 77 and k?
7
Suppose -4*n + 5*f - 9 + 112 = 0, -5*f + 153 = 4*n. Calculate the highest common divisor of n and 4.
4
Let l = -21 + 43. Suppose y = -2*r - 2*r + 138, -r - 5*y = -44. Let k be r + (-1 + 1 - 1). Calculate the highest common divisor of k and l.
11
Let l = -7 + 15. Calculate the highest common divisor of l and 40.
8
Let d(u) = -38*u. Let h be d(-1). What is the greatest common factor of h and 57?
19
Suppose 5*s - 14 = 3*s. Let i = -8 - -8. Suppose -3*v + 6 = -3, i = 4*m + 3*v - 37. Calculate the greatest common divisor of m and s.
7
Suppose -3*p + 0*p = -15. Suppose p*u + 35 = 95. What is the highest common factor of u and 108?
12
Suppose 4*b + 1 + 7 = 0. Let r be -1 - -49*(3 + b). What is the highest common divisor of 12 and r?
12
Let p = 11 + -2. Let g = 17 - p. What is the highest common factor of g and 12?
4
Let c(n) = n**3 + 12*n**2 + n + 16. Let j be c(-12). Suppose 0 = 4*b - 3*b - j. Calculate the highest common factor of 4 and b.
4
Suppose -4*n - 2*h + 422 = -0*h, 4*n + 5*h = 407. What is the highest common divisor of n and 12?
12
Let t be (-2)/(-7) - (-152)/7. Suppose 2*f + 51 = w, -4*f = -3*w + f + 155. Calculate the highest common factor of w and t.
11
Suppose 0 = -4*d - 2*s + 600, -4*s + 3*s - 150 = -d. Suppose -3*t + 5*t - d = 0. What is the greatest common divisor of t and 25?
25
Suppose -3*w + 0*w - 3 = 0. Let p be w + -3 + 1 + 83. Suppose -3*x + 25 + 5 = 0. What is the highest common divisor of x and p?
10
Let v(m) = m**3 + 6*m**2 + 9*m + 6. Let f be v(-4). What is the greatest common factor of 4 and f?
2
Let s(y) = -y + 21. Let i be s(9). Suppose -g = -0*g - 132. What is the greatest common divisor of g and i?
12
Suppose 3*a + 16 = 2*j, 5*j = 4*a + 19 + 14. What is the highest common divisor of j and 5?
5
Suppose -2*d + 16 = -58. Suppose 85 = -0*f - 5*f. Let i = f + d. Calculate the highest common divisor of i and 60.
20
Suppose 142 = z + 38. Let m = 209 - z. What is the highest common factor of m and 15?
15
Suppose -v = 4*v - 5, 2*v - 97 = -5*f. Let q(t) = 153*t**3 - t**2 + t - 1. Let r be q(1). Calculate the greatest common divisor of r and f.
19
Let n(u) = 77 - u + u**2 - 60 + 0*u. Let m be n(0). Calculate the greatest common divisor of 17 and m.
17
Suppose 0 = 4*b - 0*b - 16. Let h = -35 + 21. Let y be 5/((-10)/b) - h. Calculate the highest common factor of 12 and y.
12
Let a be 7*(-1 + -1)*-4. Suppose 3*r - 17 - 7 = 0. Calculate the highest common factor of r and a.
8
Suppose 6*u - 3*u - 12 = 0. Suppose -o + 8 = 2*q, 0 = -u*q - 0*o + o + 4. Suppose q*j + 0*j = 32. Calculate the highest common divisor of j and 24.
8
Suppose 4*z - 1092 = 4*b, -2*z + 3*b - 2*b + 548 = 0. Suppose -5*x + 3*d - 5 = -127, 2*x = -d + 51. Calculate the greatest common factor of z and x.
25
Suppose 5*c = -10, -5*s + c = -98 - 94. Suppose 0 = -0*p + p - 95. Calculate the highest common divisor of p and s.
19
Let j = 78 - 30. Let b be 4/10 - (-343)/5. Suppose 0 = -2*k - f + b, 2*f + 0*f - 10 = 0. What is the greatest common divisor of j and k?
16
Let d be (-36)/(-16) - 2/8. Suppose -4*t + 145 - 21 = d*f, 4*f + t - 227 = 0. Let m be (-2)/(-1)*(-7)/(-2). What is the greatest common divisor of f and m?
7
Suppose -52*c + 48*c + 144 = 0. Calculate the greatest common factor of 90 and c.
18
Let m be ((-8)/3)/(14/(-273)). What is the greatest common divisor of m and 364?
52
Suppose 5*r = 6*r - 5. Suppose -140 = -2*q - 3*l, 6*q - q = r*l + 300. Calculate the greatest common divisor of 8 and q.
8
Let z(s) = 5*s**2 + 19*s - 8. Let d be z(-5). What is the highest common factor of 33 and d?
11
Let c = -14 + 126. What is the greatest common factor of c and 28?
28
Suppose 2*n + 2*h = -0*h + 14, 5*h = -4*n + 27. What is the greatest common divisor of n and 40?
8
Let q be (-83)/5 + 4/(-10). Suppose 2*f + 12 = f. Let k = f - q. Calculate the highest common factor of k and 30.
5
Suppose 0 = 7*l + 7*l - 196. Let g be (22/(-8))/(3/12). Let x = 18 + g. What is the highest common factor of x and l?
7
Let q be -2 + -2 + 2 - -30. Let w = -12 + q. Let t = w - -149. Calculate the greatest common divisor of 15 and t.
15
Let u be 0 + (59 - (-2 - -1)). Let c = 1 + 7. Suppose -3*g = -c*g + 120. What is the highest common divisor of u and g?
12
Let v = 4 + -4. Let b be (-3 - v - 0)/(-1). What is the greatest common factor of 3 and b?
3
Let j be 138 + (-9)/(-3) - -2. Let o = j + -79. Suppose o = 3*w + w. Calculate the greatest common divisor of 32 and w.
16
Let u be 3/(-1) - (-70)/5. Calculate the highest common divisor of u and 176.
11
Let s be ((-25)/(-2) + 1)/(2/4). Calculate the greatest common factor of s and 243.
27
Let f(m) = m**3 - 6*m**2 + m